1 - 8) + 1. Suppose -3*y - 7 = 4*s - 5*s, 2*y - 56 = -4*s. Let i = s - l. What are the prime factors of i?
19
Suppose 0 = -25*m + 66*m - 105903. What are the prime factors of m?
3, 7, 41
Let a(o) = 7*o**3 - 5*o**2 - 17*o + 12. Let u(r) = -6*r**3 + 5*r**2 + 16*r - 11. Let g(w) = -5*a(w) - 6*u(w). Let c = -5 + 12. List the prime factors of g(c).
3
Let h(p) = 36*p**3 + 9*p**2 + 14*p + 5. What are the prime factors of h(4)?
13, 193
Let i = 19 - 15. Suppose 0*f = 2*f + i*d, -2*f = -2*d. Suppose -4*u + u + 168 = f. List the prime factors of u.
2, 7
Let q = -7 - -21. Let m be (21/(-6))/(-7)*q. Suppose -5*h = -m - 3. What are the prime factors of h?
2
Let n = 611 - 312. List the prime factors of n.
13, 23
Let w(b) = -243*b - 773. What are the prime factors of w(-15)?
2, 359
Suppose 39429 = 7*k - 5000. List the prime factors of k.
11, 577
Let v(i) = 150*i**2 - 24*i + 9. What are the prime factors of v(2)?
3, 11, 17
Suppose o + 504 = 3*f, 9*f = 8*f - 4*o + 168. What are the prime factors of f?
2, 3, 7
Let q(l) = l**3 - 8*l**2 + 13*l - 30. List the prime factors of q(10).
2, 3, 5
Let l = 28 - 56. Let c be (-86)/(-18) + l/(-126). Let a(k) = 3*k**2 - 6*k - 4. List the prime factors of a(c).
41
Let r(t) = -2*t + 1. Let o be r(-3). Let q(l) = -l**3 + 6*l**2 + 9*l. Let s be q(o). Suppose -2*d - s = 6*v - v, 5*d - 19 = v. What are the prime factors of d?
3
Suppose -82 = -9*s - 19. Let v = -108 + 283. Suppose 12*p - s*p - v = 0. List the prime factors of p.
5, 7
Suppose 28*i - 17891 = -3471. List the prime factors of i.
5, 103
Suppose -15*s + 6705 = -12*s - 2*u, -5*s + 5*u + 11170 = 0. List the prime factors of s.
2237
Suppose 9*s + 2*s + 33 = 0. What are the prime factors of 182 + (-1)/s + 22/6?
2, 3, 31
Let d(w) = 2*w + 42. Let m be d(-20). List the prime factors of 2 + (4 - (4 - m)).
2
Let t = -1479 - -3446. List the prime factors of t.
7, 281
Let y(v) = -2*v + 27. Let t be y(8). Suppose 0 = -t*b + 15*b - 468. List the prime factors of b.
3, 13
Let f(v) = -v**3 - 46*v**2 + 41*v - 289. List the prime factors of f(-48).
2351
Let d = 1728 - 1191. Suppose 0 = 5*s - 243 - d. List the prime factors of s.
2, 3, 13
Let x = 77 + -86. Let m(h) = -12*h - 2. What are the prime factors of m(x)?
2, 53
Let c(w) be the second derivative of -7/12*w**4 - 8*w - 3*w**2 + w**3 + 0 + 1/20*w**5. List the prime factors of c(7).
2, 3
Let y(v) = v**2 + 9*v + 9. Let q be y(-5). Let x(r) = -3*r + 13. List the prime factors of x(q).
2, 23
Let n be 0 + -1 + (8 - -67). Let g = 144 - n. What are the prime factors of g?
2, 5, 7
Let y = 26 - 23. Suppose -3*k + 10 = k + a, 9 = 5*k + y*a. List the prime factors of k.
3
Let m be 1/5*-61 + (-2)/(-10). Let g = -2 - 29. Let o = m - g. List the prime factors of o.
19
Let m be 2 - (3 - (5 + -2)). Suppose 3*l - 93 = -2*q - q, 3*l = -m*q + 96. Suppose -10*f + 9*f = -l. List the prime factors of f.
2, 17
Let b = 6 + -645. List the prime factors of (-9 + -1)/(18/b).
5, 71
Let f(t) = 311*t - 3. Let m be f(1). Let y = 509 - m. List the prime factors of y.
3, 67
Let q = -326 + 1533. List the prime factors of q.
17, 71
Let g be (-22)/99 + (-220)/(-18). Let o be -20 + 0 + g/4. Let j = -10 - o. What are the prime factors of j?
7
Suppose -x - 594 = -4*j + 134, 3*j + 2*x = 535. What are the prime factors of j?
181
Suppose 0 = -u - 17 + 3. What are the prime factors of (6 + -1)/(u/(-196))?
2, 5, 7
Suppose 93*u - 22365 = 58*u. List the prime factors of u.
3, 71
Let u = 283 - 290. Let l = 5 + -3. List the prime factors of l/u*(4 - 81).
2, 11
What are the prime factors of (-95)/(-285) + 7630/6?
2, 3, 53
Let o be 0 - (-3 + -1) - -1. Suppose -150 = -2*p + o*k, 4*k = 2*p - 0*p - 146. What are the prime factors of p?
5, 13
Let x = 483 + 906. List the prime factors of x.
3, 463
Suppose h - 4*z = 14, 5*h - 3*z - 48 = 3*h. Suppose 5*s = 8*s - h. List the prime factors of s.
2, 5
Let z be (-12)/(-15)*(-5)/(-2). Let q(u) = -u**3 + u**2 - 1. Let n be q(z). Let r = n - -14. What are the prime factors of r?
3
Let b be (-99)/(-6) - 9/6. Let l(h) = 3*h + 17 - 9*h + 2*h + 3*h. What are the prime factors of l(b)?
2
Let m = -115 - -258. Let d = m - 91. Suppose 0*c = -2*c + d. What are the prime factors of c?
2, 13
Let j(n) = n**3 + 10*n**2 + 8*n - 9. Let o be j(-9). Suppose o = 3*y - y - 12. Let r(x) = 13*x - 13. What are the prime factors of r(y)?
5, 13
Let d = -1037 - -1556. What are the prime factors of d?
3, 173
Let r(h) = 13*h + 1. Let l be r(-1). Suppose 3*w + 16 = 19. What are the prime factors of l/3 + 6*w?
2
List the prime factors of 2627405/804 - 1/(-12).
2, 19, 43
Let t(f) = 2*f**2 + 8*f + 13 - 2*f**2 - f**2. Let d be t(9). Suppose -d*r = -2*z - 114, -r - 12 = 2*z - 38. What are the prime factors of r?
2, 7
Let r(k) = -288*k + 385. What are the prime factors of r(-9)?
13, 229
Let a(v) = v**3 + 12*v**2 + 21*v + 12. Let u be a(-10). Suppose 3*o - 4 = u*o. Suppose 50 = 5*i - 5*q, -o*i + 5*q + 45 = -0. What are the prime factors of i?
5
What are the prime factors of 20*8/((-192)/(-1722))?
5, 7, 41
Suppose j + 4*y + 292 = 0, 0 = 8*y - 3*y - 5. Let f = 7 - j. What are the prime factors of f?
3, 101
Let y(n) = -n**2 + 6*n + 3. Let l = -7 + 31. Let i be ((-6)/8)/((-3)/l). What are the prime factors of y(i)?
3
Let r be 63/15 - (-2)/(-10). Suppose 2*u - k - 147 = 0, -3*u - 5*k = -r*u + 51. What are the prime factors of u?
2, 19
Suppose 24 = p + 3*p. Suppose 5*w + 4*v - 82 - p = 0, 58 = 3*w + 5*v. Suppose 92 = 5*o + 3*b, -3*o + 37 = 4*b - w. List the prime factors of o.
19
Suppose -d + 79 = -576. List the prime factors of d.
5, 131
Let p(t) = -4*t**2 + 10*t. Let g be p(4). What are the prime factors of (-6)/8 - 690/g?
2, 7
Let s = 211 - -188. List the prime factors of s.
3, 7, 19
Let p(z) = z**3 - 7*z**2 + 30*z - 16. What are the prime factors of p(10)?
2, 73
Let g = 369 - -41. List the prime factors of g.
2, 5, 41
Let m(w) = -13*w - 65. Let a be (-1 + -2)*(-80)/(-12). List the prime factors of m(a).
3, 5, 13
Suppose 2376 = 4*b + x, x - 374 = 3*b - 2156. Let i be (-2)/7 - b/(-21). Let v = -13 + i. List the prime factors of v.
3, 5
Suppose 2*y + 4*q - 56 = 6*y, -2*y + 4*q - 20 = 0. What are the prime factors of -478*(-3)/y*-3?
239
Let f be (-4)/((-4)/(-11))*17. Let v = f - -263. What are the prime factors of (v/4)/1*1?
19
Let b(x) = 119*x - 23. List the prime factors of b(4).
3, 151
Let j(o) = -4*o - 1. Let q be j(-1). Suppose -q*a + 9 = -12. What are the prime factors of a?
7
List the prime factors of 5055 + (-23 + -1)/(-2).
3, 563
Let r = 7 - 6. Suppose -4*v + 13 = r. Let u(m) = 7*m - 3. List the prime factors of u(v).
2, 3
Let u(z) = -29*z + 240. List the prime factors of u(0).
2, 3, 5
Let z(q) = 5*q**2 - 29*q - 4. Let o be z(6). Suppose o*k - 3*k + 189 = -5*c, k = 2*c + 201. List the prime factors of k.
11, 19
Let x = -423 + 775. List the prime factors of x.
2, 11
Suppose 4*o = -3*t + 13520, 6*o - 16889 = o - t. What are the prime factors of o?
11, 307
Let l(v) = 2*v + 0*v + 7 + 0*v - v. Let u be l(-7). What are the prime factors of (2 - 0)*1 + u?
2
Let d = 43 + -25. List the prime factors of (33/d + -1)*6.
5
Let p(s) = -s**3 + 6*s**2 + 9*s - 9. Let u be p(7). Suppose 0*q - u*w = 4*q - 139, w - 127 = -4*q. Let k = q - 21. What are the prime factors of k?
2, 5
Let k(i) = 5*i**2 - 22*i - 322. List the prime factors of k(-22).
2, 1291
Suppose 0*r + 12 = 3*r. Suppose -2*y + 13 = -5*q, r*y = -0*y + q + 17. Suppose -y*k + 8*k = 68. What are the prime factors of k?
17
Let w(a) = 71*a + 11. List the prime factors of w(2).
3, 17
Let h(x) = -17*x**3 - x**2 - 2*x. What are the prime factors of h(-2)?
2, 17
Let j = 6 - 1. Let g(h) = 20*h + 6. Let a(o) = -21*o - 5. Let n(i) = j*g(i) + 6*a(i). What are the prime factors of n(-1)?
2, 13
Let c be (-4)/24 + 5/30. Suppose 4*a - 92 = -c*a. List the prime factors of a.
23
Suppose h + 75 = -4*h. Let g = h - -11. List the prime factors of 4/g + -3 + 25.
3, 7
Let l(g) = -30*g - 26. What are the prime factors of l(-16)?
2, 227
Let h(d) = 6*d**2 + 3*d - 4. Let v be h(-3). Suppose -31 = -2*f + v. Suppose 2*s - 35 = 3*a, -4*a = -4*s + 44 + f. List the prime factors of s.
5
Let c be (-20)/(-9) + 4/(-18). Suppose c*x + 3 - 1 = 0. Let m(i) = -22*i**3 - i**2 - 2*i - 1. List the prime factors of m(x).
2, 11
Let a(t) = 26*t**3 + t**2 - 6*t - 1. List the pr